to base 10
-3861716
What is 420301132 (base 5) in base 2?
110100101111100100100
Convert 8b078d (base 14) to base 16.
481f89
1821c (base 13) to base 8
132644
Convert -241747 (base 9) to base 6.
-3042241
What is 2344501 (base 10) in base 14?
4505a5
Convert 4078421 (base 9) to base 15.
2d0461
What is -134213015 (base 6) in base 9?
-5111012
Convert 647488 (base 9) to base 15.
795b5
Convert a41a0 (base 14) to base 4.
1200203100
1ba696 (base 12) to base 4
1320321102
-111110010100011011 (base 2) to base 4
-332110123
Convert -33203031021 (base 4) to base 14.
-7817a9
Convert -8167753 (base 9) to base 10.
-4355661
Convert 244040122 (base 5) to base 16.
11ae83
What is -1cc124 (base 15) in base 13?
-3a3927
What is 2312010033 (base 4) in base 12?
2bb693
Convert -3500806 (base 10) to base 11.
-1a81231
Convert 3053a (base 11) to base 9.
67123
Convert -1444006 (base 7) to base 6.
-4110431
What is -100331332 (base 5) in base 8?
-1421254
Convert 4887a5 (base 11) to base 12.
31337a
Convert 1b486 (base 16) to base 13.
3bb32
-12323054 (base 6) to base 3
-202022111021
What is -c0a654 (base 13) in base 3?
-22102112102221
What is 111000110110011111010 (base 2) in base 6?
103532322
-acfaa (base 16) to base 6
-23104110
-1000010001011000101 (base 2) to base 3
-111202210201
-100504 (base 11) to base 2
-100111011101111100
-1302232121 (base 4) to base 12
-1a7b35
What is 51189 (base 11) in base 10?
74754
-1ae9c (base 16) to base 11
-75905
Convert -123020213 (base 4) to base 14.
-2c70b
25a9aa (base 14) to base 5
313001312
What is 112013302 (base 5) in base 4?
1322111111
What is -11110000001110111101 (base 2) in base 12?
-3b5539
What is -1267315 (base 8) in base 7?
-3012014
22154421 (base 6) to base 5
132342321
Convert -342e8 (base 16) to base 5.
-23314421
-2fa6b6 (base 16) to base 9
-5778685
What is -71ca7 (base 16) in base 9?
-780314
-1050314 (base 7) to base 3
-20121001212
43fb54 (base 16) to base 8
20775524
4383412 (base 9) to base 12
958655
What is -13921 (base 16) in base 8?
-234441
Convert 3176247 (base 8) to base 13.
23a521
-11011100101010 (base 2) to base 8
-33452
What is 111211220 (base 3) in base 10?
10095
What is -13303222 (base 4) in base 15?
-971d
Convert 141309 (base 13) to base 8.
1671472
12111 (base 4) to base 15
1c0
What is 3aba4 (base 14) in base 7?
1142464
What is 10100111011111000000 (base 2) in base 9?
1255030
Convert 4327521 (base 11) to base 3.
112022120001220
Convert -101110101111111 (base 2) to base 12.
-11a27
-41735 (base 8) to base 7
-101436
102332100032 (base 4) to base 5
2233123312
Convert -1101111101101101101010 (base 2) to base 6.
-210243242
What is -1132937 (base 12) in base 9?
-6182217
What is -100022111210 (base 3) in base 10?
-183351
Convert 321200002 (base 4) to base 14.
61b90
Convert -1450121 (base 8) to base 9.
-700532
Convert -4354136 (base 7) to base 5.
-114100340
-2450430 (base 6) to base 13
-47865
What is -35410105 (base 6) in base 15?
-16c86e
What is -1100100100111110 (base 2) in base 13?
-1a5ac
94275 (base 11) to base 6
2540105
Convert -301233302 (base 4) to base 12.
-99b02
-1812a2 (base 12) to base 6
-12533522
What is 3071012 (base 9) in base 5?
410002430
What is 186741 (base 9) in base 11?
7a5a3
Convert -189aa9 (base 15) to base 14.
-2323d5
Convert -1001210110021121 (base 3) to base 16.
-e97ff4
What is -28683 (base 13) in base 16?
-1282b
Convert 2423050 (base 6) to base 14.
34766
Convert -1c7da (base 14) to base 6.
-1321312
What is 1646253 (base 8) in base 7?
4031456
-225a (base 14) to base 5
-142320
What is -2a196 (base 14) in base 6?
-2124132
1074773 (base 13) to base 10
5036801
Convert 58ac33 (base 13) to base 10.
2108993
What is -7c252 (base 14) in base 3?
-120100200110
-6688193 (base 10) to base 6
-355203505
Convert 1da06 (base 14) to base 6.
1344034
-3163564 (base 8) to base 13
-237c08
What is 213229 (base 10) in base 7?
1545442
What is 15297 (base 11) in base 14?
7c60
-11201220122212 (base 3) to base 12
-a1501b
What is 268161 (base 10) in base 8?
1013601
-1000001000010001100 (base 2) to base 11
-172154
11010101011100100110 (base 2) to base 10
874278
59b9a6 (base 13) to base 15
2c3d28
-a418a5 (base 13) to base 14
-71a12a
Convert ca90c1 (base 14) to base 4.
122023201001
-1de4c9 (base 16) to base 15
-28a728
What is -5378fa (base 16) in base 7?
-64332600
What is 3abd6 (base 14) in base 8?
433210
What is 1110020022110 (base 3) in base 14?
1615dd
Convert -546668 (base 9) to base 4.
-1033230023
524ba6 (base 12) to base 7
14000223
Convert -11011112021200 (base 3) to base 10.
-2214909
-1488143 (base 11) to base 4
-21231001131
What is 829825 (base 11) in base 15?
1b440e
What is 1223525500 (base 6) in base 16?
d85cac
1101011000101 (base 2) to base 7
25660
-14343525 (base 6) to base 13
-144956
What is 342ab (base 12) in base 16?
10fa3
Convert -86968 (base 10) to base 13.
-3077b
Convert 110010100110010101 (base 2) to base 15.
4161d
What is 415575 (base 10) in base 8?
1453527
Convert a3a249 (base 16) to base 6.
1021503425
What is -285432 (base 10) in base 8?
-1055370
What is -1023526 (base 8) in base 6?
-5500130
What is 2519bc3 (base 14) in base 16?
10fd07f
Convert -100010110110101011010 (base 2) to base 12.
-470b36
10231122 (base 4) to base 6
225150
-26830 (base 12) to base 15
-10aa3
Convert 418d4 (base 16) to base 9.
448273
Convert -14010304 (base 8) to base 11.
-1861725
105303451 (base 6) to base 3
10122102010111
1001111000101001 (base 2) to base 13
15577
What is 45920 (base 12) in base 11?
63889
Convert -404474 (base 12) to base 2.
-11110100110110011000
Convert 210021221110 (base 3) to base 6.
12552233
2ce390 (base 16) to base 3
12112110110001
-9297 (base 13) to base 5
-1121420
What is 730146 (base 8) in base 16?
3b066
What is 34933 (base 16) in base 8?
644463
-4031424324 (base 5) to base 6
-445040435
-19908 (base 11) to base 9
-42016
What is 21421403 (base 5) in base 13?
66795
Convert 1143244 (base 5) to base 13.
9b52
553dd3 (base 14) to base 5
1220022130
What is -222112020010201 (base 3) in base 4?
-311301301132
-4236651 (base 7) to base 6
-15002413
Convert c0cf0 (base 16) to base 9.
1433283
-2221121332 (base 4) to base 7
-5616664
What is 5480482 (base 9) in base 4?
23033103233
-3122201110 (base 4) to base 7
-10415335
1044432 (base 5) to base 7
105433
3321025 (base 6) to base 11
10389a
What is 8ad6b (base 14) in base 4?
1102120003
80a32 (base 11) to base 12
58605
Convert 167782 (base 14) to base 7.
6464222
-1000862 (base 9) to base 10
-532145
What is 4406110 (base 9) in base 11?
1376a25
Convert -123654563 (base 7) to base 10.
-7879343
Convert -3276178 (base 9) to base 15.
-24c4ee
Convert -10210201122211 (base 3) to base 9.
-3721584
Convert 141422111 (base 5) to base 12.
2b4091
What is -253925 (base 10) in base 14?
-68777
What is 453227 (base 8) in base 3?
21210012112
Convert -8198 (base 12) to base 10.
-14084
Convert 1031322301 (base 4) to base 6.
10501321
What is 1342131134 (base 5) in base 10?
3473919
What is -6a00b4 (base 12) in base 16?
-19f288
Convert 49af2f (base 16) to base 11.
27a9098
-76038 (base 11) to base 15
-22b29
Convert 301350 (base 9) to base 16.
2b7f4
What is 241233305 (base 6) in base 10?
4545833
-103120231 (base 5) to base 12
-193905
Convert -22102412 (base 5) to base 13.
-68c0c
-45515 (base 13) to base 7
-1033421
-5405312 (base 6) to base 11
-171597
Convert -4666532 (base 10) to base 9.
-8702245
What is -491357a (base 11) in base 15?
-b3ec54
2043415 (base 6) to base 12
4956b
What is 212023120 (base 4) in base 11?
a7540
Convert -5403463 (base 7) to base 9.
-1210784
Convert -735003 (base 15) to base 13.
-11a03c3
100001012201 (base 3) to base 5
21144110
Convert -1212220210 (base 3) to base 16.
-90ff
What is -2767868 (base 10) in base 13?
-75babc
-23111103 (base 7) to base 13
-559368
What is 2110036 (base 7) in base 15?
5063d
Convert -2b663 (base 12) to base 15.
-132e9
-1698a3 (base 13) to base 12
-232411
What is -836186 (base 9) in base 12?
-1bb480
What is -1224656 (base 8) in base 10?
-338350
Convert 4526521 (base 9) to base 7.
26505403
What is -202231 (base 9) in base 10?
-119746
Convert -30654 (base 9) to base 8.
-47372
What is -10052 (base 10) in base 3?
-111210022
Convert -22b806 (base 12) to base 2.
-10001000100011000110
Convert -102120243 (base 5) to base 15.
-864b8
-1a1c66 (base 13) to base 3
-1020121